3*x + 54 = 5*s, 3*x = 3*s + 7*x - 39. Suppose 3*p + s = -o*p. Calculate k(p).
-7
Let d(a) = a**3 + a - 1. Let m(n) = 2*n**3 - 7*n**2 - 4*n - 8. Let k(y) = 3*d(y) - m(y). Give k(-6).
-1
Let q(z) be the second derivative of z**5/20 - z**4/3 + 2*z**3/3 - 2*z**2 - 2*z. Calculate q(4).
12
Let t(y) be the third derivative of y**6/120 - y**5/12 + y**4/12 + 2*y**3/3 + y**2. Let k = 28 + -24. Give t(k).
-4
Let x = 10 - 5. Suppose k - x*k = 0. Suppose -2*h + 2 = -5*m, k = 3*h + 2*m + m - 3. Let n(y) = -8*y + 1. Give n(h).
-7
Suppose 5*j - 6 = 2*j. Let h(n) = n**3 + 3*n**2 - 6*n - 6. Let p be h(-4). Let z(g) = 0*g - g + p + 0*g**2 + g**2 + 0*g. What is z(j)?
4
Let i(r) = -3*r. Let c = -2 + 5. Suppose 3*p = 2*p - 5. Let w = c + p. What is i(w)?
6
Let l(i) = 4*i - 9. Let c(w) = -9*w + 19. Let v be 6/45*9*-5. Let f(j) = v*c(j) - 13*l(j). Calculate f(-4).
-5
Let o(l) be the third derivative of -l**5/60 + l**4/4 - 41*l**2 - l. Determine o(5).
5
Let u(y) = -y - 2. Let w = 14 - 9. Let l(p) = 8*p - 4. Let a be l(3). Suppose a = w*i - i. Give u(i).
-7
Let n(p) be the first derivative of -p**4/12 - p**3 - p**2/2 - p - 3. Let i(c) be the first derivative of n(c). Calculate i(-5).
4
Let x(q) = -q**2 - 4*q - 6. Let m = 6 - 10. Determine x(m).
-6
Let c(i) = i**2 + 11*i - 16. Let d be c(-12). Let s(n) = 5*n + 5. Give s(d).
-15
Let s(t) = 4*t**2 - 2*t + 1. Let r be 36/(-60) - (-13)/5. Calculate s(r).
13
Let s(g) = g - 5*g**2 - 10*g**2 + 16*g**2 - 4 - 3. Determine s(0).
-7
Let r(q) = -2*q - 1. Let n be 75/(-30)*(-12)/(-5). What is r(n)?
11
Let h(f) = f**2 + 5*f - 3. Let j be h(-6). Let w(k) = -j - k**2 - 4 + 5*k + 2 + 0*k**2. Determine w(4).
-1
Let u be (-2)/(-6) - 17/(-3). Suppose -u = 4*o + 14. Let j(h) = h - 15. Let x(z) = -7. Let s(d) = -2*j(d) + 5*x(d). Give s(o).
5
Let u(w) = 4*w**3 - 6*w**2 - 7*w - 7. Let c(d) = -5*d**3 + 7*d**2 + 8*d + 8. Let a(f) = 3*c(f) + 4*u(f). Suppose -3*z = -5*z - 50. Let j = z + 29. Give a(j).
-4
Suppose 0 = -5*g + 5. Let p(v) = -3*v**3 - 2*v**2 + 1. Give p(g).
-4
Suppose -9 + 0 = -3*q. Let n(y) = q - 29*y**2 - y + 26*y**2 - 2. What is n(2)?
-13
Suppose 6 = v - 7. Let n = v - 8. Suppose -w - 24 = -n*q, 2*w - 10 = -2*q + 2. Let i(c) = 8*c**3 - c + 1. Give i(w).
8
Let k(d) = -4*d**2 + 3*d. Let l(n) = -9*n**2 + 6*n - 1. Let b(t) = -7*k(t) + 3*l(t). Give b(6).
15
Let f(s) = 4 - 4*s - 2 + 5*s. Let b be f(-5). Let n(h) = -3*h + 0*h**2 + 2*h**3 - 3*h**3 - 3*h**2 - 3. Calculate n(b).
6
Let x(c) = -c + 12. Let a be (-6)/(-3) - (-1 + -3). Give x(a).
6
Let v = -33 + 35. Let u(k) be the third derivative of 0*k**3 + 0 + 2*k**2 - 1/24*k**4 + 0*k. Calculate u(v).
-2
Let j = -5 - -5. Let n(f) be the second derivative of 1/12*f**4 + j + f - 1/6*f**3 + 1/2*f**2. Give n(3).
7
Let i be 4/8 - 21/2. Let c(q) = -q**2 - 10*q - 3. Determine c(i).
-3
Let u(z) = z**3 + 5*z**2 + z - 4. Let y(t) = t**3 + 6*t**2 + t - 5. Let x(r) = 3*u(r) - 2*y(r). Suppose 5*h + 6 = -9. What is x(h)?
-5
Let m(x) = x**3 + x**2 - x - 1. Let t be m(-1). Let f(a) = t + 3*a**2 + 0*a - 5 + 2*a - 2*a**2. Let p = -1 - 3. Give f(p).
3
Let c(r) = -8*r**2 - r + 3. Let i = -11 - -18. Let y(v) = -7*v**2 - v + 3. Let f(t) = i*y(t) - 6*c(t). Let w = -3 + 3. Calculate f(w).
3
Let n(l) = -l**3 - 4*l**2 + 5*l - 3. Let x(t) = -2*t**3 - t**2 + 1 + 1 - 2*t**2. Let q be x(-2). Let u be (-4)/q + (-13)/3. Determine n(u).
-3
Let v(l) = -9*l - 1. Let c be 1 + (-5 - -1)/(-1). Suppose -10 + c = -5*w. Give v(w).
-10
Let s(z) = z**2 - 2. Let n(x) be the first derivative of -x**2/2 + 9*x - 1. Let d be 1*((-14)/1)/(-2). Let o be n(d). Give s(o).
2
Let o be 30/(-7) - 2/(-7). Let y(w) = w**3 - 5*w**2 + 5*w - 4. Let h be y(4). Let g(d) = h*d - 2*d - 4 + 5. Determine g(o).
9
Let z(x) = 3*x + 4. Let c(n) = -2*n - 3. Let a(d) = 4*c(d) + 3*z(d). Calculate a(6).
6
Let y(k) be the third derivative of -k**4/24 + k**2. Suppose -6*n + 7 = -23. Calculate y(n).
-5
Let a(y) = y**2 + 5*y + 1. Let h(l) = 2*l**2 + 6*l. Let x(g) = -3*a(g) + 2*h(g). Calculate x(3).
-3
Let i(l) = 6*l + 1. Let j be ((-3)/(-9))/(5/15). Determine i(j).
7
Let b(u) = 4*u - 2. Suppose 0*f - 6 = 2*f. Let l(t) = -t**3 - 3*t**2 - 2. Let y be l(f). Calculate b(y).
-10
Let g(c) = -c**3 + 5*c**2 - 6*c + 5. Let k be g(4). Let d = k - 2. Let w(f) = -f**3 - 6*f**2 - 4*f - 1. Calculate w(d).
-6
Let l(f) = f - 6. Suppose 5*a - 38 = p - 5*p, 13 = 3*p - 4*a. Determine l(p).
1
Let m(c) be the first derivative of c**4/4 + 4*c**3/3 + 3*c**2/2 + 5*c - 1. Let j be 1568/60 - 4/30. Let u = 22 - j. Calculate m(u).
-7
Let w(g) = -g - 7. Let j(n) be the second derivative of -n**3/3 + n**2 + 2*n. Let f be j(3). What is w(f)?
-3
Let q(m) = m**3 + 2*m**2 + 3. Let a = -28 - -41. Let i(h) = h - 16. Let v be i(a). Determine q(v).
-6
Let w(n) = n - 1. Let p(u) be the third derivative of u**4/2 - 5*u**3/6 + 6*u**2. Let m(b) = -p(b) + 4*w(b). What is m(1)?
-7
Let t(d) = 8*d**2 - 13*d**2 - d**2 + 2*d**2. Calculate t(-1).
-4
Let r(i) = 7*i**3 + 1. Let g = -2 - -1. Determine r(g).
-6
Let n(x) = 2*x**2 - 21*x - 8. Let l(p) = p**2 - 11*p - 4. Let h(d) = -7*l(d) + 4*n(d). What is h(7)?
-4
Let v = 7 + -5. Let k(r) = 2 - r**3 - r + 5*r**2 - 1 - v*r**2 + 3*r**2. Let m(b) = b**3 - b**2 + b. Let z be m(2). Give k(z).
-5
Let y be -1 - (1 - 14/2). Suppose -4 = 3*s + y. Let r(d) = -d**3 - 4*d**2 - 3*d + 2. Give r(s).
2
Let g(l) = -l**2 - 6*l. Let q(t) = -t**2 - 6*t - 1. Let o(c) = -4*g(c) + 5*q(c). Determine o(-6).
-5
Let m(i) = 18*i + 34. Let c(f) = -6*f - 12. Let w(q) = -17*c(q) - 6*m(q). What is w(-2)?
12
Suppose 0*h = h + 2. Let b be 4 - (-1 + 2) - h. Let u = -7 + b. Let v(c) = 4*c**2 + 2*c - 1. What is v(u)?
11
Let s be 2/(-6)*(-8 + 23). Let m(u) = -u - 2. Determine m(s).
3
Let g(j) = j + 4. Let f(k) = 2*k + 4. Let p = -7 - -3. Let s(i) = p*g(i) + 3*f(i). Calculate s(-3).
-10
Let o = -16 - -12. Let m(g) = g**3 + 3*g**2 - 5*g - 5. Calculate m(o).
-1
Suppose 0 = -5*r + 7*r + 4. Let j(z) = -3*z**2 - 4*z + 4. Let g(n) = n - 1. Let y(h) = -3*g(h) - j(h). Calculate y(r).
9
Suppose y = -5*c + 5, -c = -5*y - 0*c - 79. Let a be 5/(y/6) - -5. Suppose -a*v - 3*o = -18, 14 = 4*v + 5*o - 14. Let u(z) = z**3 - z**2 + 2*z - 3. Give u(v).
5
Let g = 10 - 8. Let y(o) = -3 + 3 - 2 + 2*o - o**g + o. Determine y(4).
-6
Let z(h) = -2*h + 5. Let o be z(1). Let k(a) = a - 5. Determine k(o).
-2
Let b = -3 - -2. Let r be -1*(0/b - 1). Let y(i) be the third derivative of -i**6/24 - i**5/30 + i**3/6 + i**2. Determine y(r).
-6
Let c = 28 - 13. Let k = -13 + c. Let w(z) = z**3 - 4*z**2 + z + 1. What is w(k)?
-5
Let a = 87 - 90. Let m(d) be the third derivative of -d**6/120 - d**5/15 - d**4/24 + d**3/3 - d**2. What is m(a)?
-4
Let n(k) be the first derivative of -4 + k**2 - 3*k**2 + 3 - 2*k. Give n(-2).
6
Let o be 6/(-25 + 1) + (-14)/(-8). Let w(h) be the first derivative of 1/3*h**3 + 1 + o*h**2 - h. Determine w(-4).
3
Let l(s) = -s**3 + 4*s**2. Let h = -1 - -7. Let k(q) = -q + 8. Let n be k(h). Calculate l(n).
8
Let l(z) be the first derivative of 3*z**2/2 - 2*z - 5. Determine l(3).
7
Let o(c) = c**2 - 5*c. Let w(a) = 2*a**2 + 2*a - 1. Let m be w(1). What is o(m)?
-6
Suppose 3*b + 5*x - 17 = 0, 0*x = 3*b + x - 25. Let r(v) = v - 17. Give r(b).
-8
Let w = 21 - 12. Let n(h) = 1 + 4 + 0 - w*h - 4. Give n(1).
-8
Let t(z) = -z**2 - 1. Let g be t(2). Let h(a) = -3*a**3 - 9*a**2 - 8*a + 7. Let l(j) = -4*j**3 - 10*j**2 - 9*j + 7. Let n(f) = 3*h(f) - 2*l(f). What is n(g)?
-13
Suppose 0 = -x - 52 + 49. Let l(g) = g - 2. Calculate l(x).
-5
Let b = 4 - -2. Let n be (-30)/(-20)*(-16)/b. Let d(o) = -2*o + 3. Give d(n).
11
Let h(l) = l - 1. Let w(i) be the first derivative of i**2/2 - i - 4. Let x(k) = 5*h(k) - 4*w(k). Calculate x(2).
1
Let x(v) be the first derivative of 5/3*v**3 - 1/4*v**4 - 7*v - 2 + 3/2*v**2. Determine x(5).
8
Let o(t) = 8*t - 1. Let i(x) = -x. Let g(c) = 6*i(c) + o(c). What is g(5)?
9
Suppose -18 = -3*r + 3*j, j - 5 = 2*r - 13. Let l(b) = 2*b - b - 7*b - b**r + 0 + 1. Determine l(-5).
6
Let m(v) = -2*v. Let n = 11 + -3. Suppose -h = h + n. What is m(h)?
8
Let f(w) be the second derivative of -w**3/6 + 3*w**2/2 - 4*w. Let r be 1 - 5/((-5)/2). Calculate f(r).
0
Let k(j) = 3*j + 1. Let s(y) = 3*y + 3. Let m(a) = 4*a + 2. Let n(r) = -2*m(r) + 3*s(r). Let u be n(-6). Let o be k(u). Let f(z) = 3*z**2 + 3*z. Determine f(o)